{"id":1453,"date":"2020-04-21T16:00:41","date_gmt":"2020-04-21T15:00:41","guid":{"rendered":"https:\/\/whiskytales.de\/?page_id=1453"},"modified":"2024-08-09T13:25:05","modified_gmt":"2024-08-09T12:25:05","slug":"mcduff-13-jahre","status":"publish","type":"page","link":"https:\/\/whiskytales.de\/?page_id=1453","title":{"rendered":"McDuff 13 Jahre"},"content":{"rendered":"<p><span style=\"font-size: 16pt;\"><strong><a href=\"https:\/\/whiskytales.de\/wp-content\/uploads\/2020\/04\/McDuff13-scaled.jpg\" rel=\"prettyPhoto\"><img loading=\"lazy\" decoding=\"async\" class=\"alignleft wp-image-1454 size-medium\" style=\"border: 0px solid #000000;\" src=\"https:\/\/whiskytales.de\/wp-content\/uploads\/2020\/04\/McDuff13-78x300.jpg\" alt=\"\" width=\"78\" height=\"300\" srcset=\"https:\/\/whiskytales.de\/wp-content\/uploads\/2020\/04\/McDuff13-78x300.jpg 78w, https:\/\/whiskytales.de\/wp-content\/uploads\/2020\/04\/McDuff13-266x1024.jpg 266w, https:\/\/whiskytales.de\/wp-content\/uploads\/2020\/04\/McDuff13-768x2958.jpg 768w, https:\/\/whiskytales.de\/wp-content\/uploads\/2020\/04\/McDuff13-399x1536.jpg 399w, https:\/\/whiskytales.de\/wp-content\/uploads\/2020\/04\/McDuff13-532x2048.jpg 532w, https:\/\/whiskytales.de\/wp-content\/uploads\/2020\/04\/McDuff13-scaled.jpg 665w\" sizes=\"auto, (max-width: 78px) 100vw, 78px\" \/><\/a><strong>McDuff Destillery, 13 Jahre, &#8222;Devil Woman&#8220;<\/strong><\/strong><\/span><\/p>\n<p><span style=\"font-size: 12pt;\"><strong>Status: <span style=\"color: #ff0000;\">leider ausverkauft<\/span><\/strong><\/span><\/p>\n<p><span style=\"font-size: 12pt;\">Edition: \u201cDevil Woman\u201d<br \/>\nDestillerie: McDuff<br \/>\nAlter: 13 Jahre, Destilliert 2006 \/ Abgef\u00fcllt 2020<br \/>\nSt\u00e4rke: 52,2% Vol.<br \/>\nFassart: Bourbon Cask<br \/>\nSingle Cask, Single Malt, Scotch Whisky<br \/>\nNicht k\u00fchlfiltriert, nicht gef\u00e4rbt<br \/>\n0,7Liter \/ 700ml<br \/>\nEinzelfassabf\u00fcllung mit nur 120 Flaschen<\/span><\/p>\n<p><span style=\"font-size: 12pt;\">Dieser 13-j\u00e4hrige McDuff hat uns mit seiner Fruchtigkeit \u00fcberrascht. <\/span><\/p>\n<p><span style=\"font-size: 12pt;\"><div class=\"spoiler-wrap\"><h2 ><button data-group=\"a\" aria-controls=\"accordion_69f3b89b2cdee\" class=\"spoiler-head no-icon collapsed accordion_group_a\" aria-expanded=\"false\" >Unsere Tasting-Notes:<span class=\"dashicons dashicons-arrow-right-alt2\" aria-hidden><\/span><\/button><\/h2><div aria-hidden=\"true\" id=\"accordion_69f3b89b2cdee\" class=\"spoiler-body accordion_group_body_a\" style=\"display: none;\">\n<p><span style=\"font-size: 12pt;\"><strong>Nase<\/strong>: Der erste Eindruck den wir erhaschen zeigt eine sehr fruchtige Note. Reifer Pfirsisch und Mandarine vor einer dezenten Vanille-S\u00fc\u00dfe mit etwas Marzipanmandel. Dazu eine Traubens\u00fc\u00dfe, die sich buttrig entwickelt und an Marshmallow\u00b4s erinnert &#8211; Sehr sch\u00f6n&#8230; Die Malzige Note zeigt sich klar wie Cerealien.<br \/>\n<\/span><\/p>\n<p><span style=\"font-size: 12pt;\"><strong>Geschmack\/Abgang<\/strong>: Eine frische S\u00fc\u00dfe gepaart mit einer klaren Malznote binden Bittermandel und Ahornsirup wunderbar ein. Im Abgang vergl\u00fchen, Schokoladennoten und Rohkakao.<\/span><\/p><\/div><noscript><div class=\"spoiler-body accordion_group_body_a\">\n<p><span style=\"font-size: 12pt;\"><strong>Nase<\/strong>: Der erste Eindruck den wir erhaschen zeigt eine sehr fruchtige Note. Reifer Pfirsisch und Mandarine vor einer dezenten Vanille-S\u00fc\u00dfe mit etwas Marzipanmandel. Dazu eine Traubens\u00fc\u00dfe, die sich buttrig entwickelt und an Marshmallow\u00b4s erinnert &#8211; Sehr sch\u00f6n&#8230; Die Malzige Note zeigt sich klar wie Cerealien.<br \/>\n<\/span><\/p>\n<p><span style=\"font-size: 12pt;\"><strong>Geschmack\/Abgang<\/strong>: Eine frische S\u00fc\u00dfe gepaart mit einer klaren Malznote binden Bittermandel und Ahornsirup wunderbar ein. Im Abgang vergl\u00fchen, Schokoladennoten und Rohkakao.<\/span><\/p><\/div><\/noscript><\/div><\/p>\n","protected":false},"excerpt":{"rendered":"<p>McDuff Destillery, 13 Jahre, &#8222;Devil Woman&#8220; Status: leider ausverkauft Edition: \u201cDevil Woman\u201d Destillerie: McDuff Alter: 13 Jahre, Destilliert 2006 \/ Abgef\u00fcllt 2020 St\u00e4rke: 52,2% Vol. Fassart: Bourbon Cask Single Cask, Single Malt, Scotch Whisky Nicht k\u00fchlfiltriert, nicht gef\u00e4rbt 0,7Liter \/ &hellip; <a href=\"https:\/\/whiskytales.de\/?page_id=1453\">Weiterlesen <span class=\"meta-nav\">&rarr;<\/span><\/a><\/p>\n","protected":false},"author":4,"featured_media":0,"parent":19,"menu_order":0,"comment_status":"closed","ping_status":"closed","template":"sidebar-page.php","meta":{"footnotes":""},"class_list":["post-1453","page","type-page","status-publish","hentry"],"_links":{"self":[{"href":"https:\/\/whiskytales.de\/index.php?rest_route=\/wp\/v2\/pages\/1453","targetHints":{"allow":["GET"]}}],"collection":[{"href":"https:\/\/whiskytales.de\/index.php?rest_route=\/wp\/v2\/pages"}],"about":[{"href":"https:\/\/whiskytales.de\/index.php?rest_route=\/wp\/v2\/types\/page"}],"author":[{"embeddable":true,"href":"https:\/\/whiskytales.de\/index.php?rest_route=\/wp\/v2\/users\/4"}],"replies":[{"embeddable":true,"href":"https:\/\/whiskytales.de\/index.php?rest_route=%2Fwp%2Fv2%2Fcomments&post=1453"}],"version-history":[{"count":7,"href":"https:\/\/whiskytales.de\/index.php?rest_route=\/wp\/v2\/pages\/1453\/revisions"}],"predecessor-version":[{"id":2686,"href":"https:\/\/whiskytales.de\/index.php?rest_route=\/wp\/v2\/pages\/1453\/revisions\/2686"}],"up":[{"embeddable":true,"href":"https:\/\/whiskytales.de\/index.php?rest_route=\/wp\/v2\/pages\/19"}],"wp:attachment":[{"href":"https:\/\/whiskytales.de\/index.php?rest_route=%2Fwp%2Fv2%2Fmedia&parent=1453"}],"curies":[{"name":"wp","href":"https:\/\/api.w.org\/{rel}","templated":true}]}}